3 - 36*j**2 + 258*j - 280. Calculate x(12).
-640
Let l(s) = -2*s**2 - 6594*s + 105721. Determine l(16).
-295
Let z(o) = -2330*o - 88508. Determine z(-38).
32
Let l(p) = -46*p**2 - 509*p - 1014. Calculate l(-2).
-180
Let m(b) = -1489*b - 527159. Calculate m(-354).
-53
Let d(m) = 2*m**2 - 18998*m + 284508. Calculate d(15).
-12
Let b(w) = -872*w + 3882. What is b(5)?
-478
Let j(k) = -3394007*k - 20364046. Give j(-6).
-4
Let o(c) = -6*c**3 - 188*c**2 - 254*c - 427. What is o(-30)?
-7
Let i(q) = 9731*q - 97296. What is i(10)?
14
Let w(g) = 3*g**2 - 5751*g - 649686. Determine w(-107).
18
Let z(y) = -17*y**2 - 5300*y + 6545. Give z(-313).
-28
Let d(w) = 2471*w + 14884. Give d(-6).
58
Let a(q) = -q**2 + 40*q + 13491. What is a(136)?
435
Let c(h) = h**2 + 80*h + 1103. Calculate c(-61).
-56
Let g(o) = o**2 + 441*o - 676516. Determine g(631).
-84
Let i(a) = -617*a**2 - 172731*a + 8124. Determine i(-280).
4
Let m(w) = -2*w**3 - 283*w**2 - 109*w + 43304. What is m(-140)?
-236
Let a(u) = 6*u**2 - 191*u - 1406. Give a(38).
0
Let u(q) = -2*q**3 - 8*q**2 - 1478*q - 4406. Calculate u(-3).
10
Let h(x) = -x**2 - 1848*x - 75899. Determine h(-42).
-47
Let w(a) = -2*a**3 + 115*a**2 - 201*a - 4062. Determine w(55).
8
Let x(s) = -3*s**3 + 599*s**2 + 783*s + 4225. What is x(201)?
4
Let x(f) = 4994*f - 79868. Determine x(16).
36
Let n(a) = a**3 - 44*a**2 + 346*a - 251. What is n(34)?
-47
Let v(b) = -b**3 + 108*b**2 + 439*b + 1011. Determine v(112).
3
Let g(c) = -30*c + 2300. Determine g(76).
20
Let x(h) = 4864*h + 432882. What is x(-89)?
-14
Let o(a) = a**3 - 30*a**2 - 50*a + 647. Calculate o(27).
-2890
Let m(w) = -817*w - 14949. Give m(-18).
-243
Let w(t) = -t**3 - 66*t**2 - 788*t + 155. Give w(-16).
-37
Let l(j) = 92252*j - 7656909. Determine l(83).
7
Let q(a) = -4*a**3 + 39*a**2 - 143*a + 1651. Determine q(10).
121
Let t(c) = -5018*c + 15336. Determine t(3).
282
Let n(w) = -154*w - 10866. Calculate n(-71).
68
Let j(c) = -3*c**3 - 3*c**2 + 338*c + 341. Give j(-1).
3
Let c(r) = 36*r**2 - 5233*r + 7069. Calculate c(144).
13
Let u(t) = 4680*t**2 - 28076*t - 69. Calculate u(6).
-45
Let s(y) = 6821*y - 3690147. Determine s(541).
14
Let l(f) = -1664*f + 11631. Give l(7).
-17
Let o(c) = 34*c**2 + 426*c - 56. What is o(-11)?
-628
Let x(j) = j**3 + 74*j**2 + 282*j + 40. Calculate x(-70).
-100
Let a(z) = 2*z**2 - 181*z - 83. Calculate a(96).
973
Let v(s) = -1853*s**2 + 9283*s - 88. Give v(5).
2
Let j(y) = -568*y - 31895. Give j(-54).
-1223
Let p(a) = -117*a**2 + 591*a + 2969. Determine p(-5).
-2911
Let y(r) = r**3 + 38*r**2 - 65*r + 47. Give y(-39).
1061
Let c(u) = 1430*u - 42779. What is c(30)?
121
Let h(t) = -51*t**3 - 66*t**2 + 69*t + 3. Give h(1).
-45
Let a(j) = 5*j**3 - 15*j**2 - 10*j + 23. What is a(-3)?
-217
Let u(v) = 10907*v + 2290478. What is u(-210)?
8
Let s(b) = -2*b**2 + 51506*b - 411997. Determine s(8).
-77
Let d(q) = -q**3 + 89*q**2 - 340*q - 21. Give d(4).
-21
Let i(g) = -3*g**3 + 4*g**2 + 7614*g - 15224. What is i(2)?
-4
Let y(l) = 5*l**2 - 185*l + 1999. Determine y(30).
949
Let h(x) = 49*x**2 + 4847*x - 209. Determine h(-99).
187
Let q(j) = 2*j**3 + 3*j**2 + 200*j + 3759. Determine q(-10).
59
Let c(k) = -k**3 - 80*k**2 + 3888*k - 85. What is c(34)?
323
Let s(m) = 2*m**3 + 120*m**2 + 558*m + 10. Give s(-5).
-30
Let d(f) = 26715*f**2 + 26716*f - 7. What is d(-1)?
-8
Let j(m) = -1326*m**2 + 9319*m - 243. Determine j(7).
16
Let q(w) = 8*w**2 + 747*w + 15079. What is q(-64)?
39
Let j(f) = -34507*f + 38854884. What is j(1126)?
2
Let x(p) = 9*p**2 + 1848*p + 12769. Calculate x(-7).
274
Let r(n) = n**2 - 285*n + 1938. Calculate r(278).
-8
Let d(m) = 5*m**3 + 152*m**2 - 100*m - 54. Calculate d(-31).
163
Let a(m) = 5*m**3 - 97*m**2 - 39*m + 1472. Determine a(19).
9
Let d(t) = 84*t**2 - 575*t - 349. Give d(6).
-775
Let r(g) = 39552*g + 870138. Give r(-22).
-6
Let z(x) = 2616*x + 2202. Calculate z(-2).
-3030
Let l(k) = 1226*k + 7260. Give l(-6).
-96
Let x(t) = -t**3 + 26*t**2 - 1551*t + 36070. What is x(24)?
-2
Let i(c) = c**3 + 107*c**2 + 54*c + 5770. Calculate i(-107).
-8
Let o(b) = -b**2 + 2818*b + 1280005. Give o(-398).
37
Let z(u) = 4*u**2 - 22754*u + 22739. Give z(1).
-11
Let x(t) = 13707*t + 6565644. What is x(-479)?
-9
Let h(n) = 472*n**2 - 8487*n - 106. Give h(18).
56
Let r(n) = -807*n - 399. What is r(-1)?
408
Let a(f) = 2*f**3 - 43*f**2 + 94*f + 317. Determine a(20).
997
Let y(v) = 3*v**2 - 485*v - 2322. Give y(166).
-164
Let x(l) = -3*l**2 + 26*l + 1660. Determine x(-20).
-60
Let v(k) = -99*k**2 + 542*k - 2772. Calculate v(5).
-2537
Let g(r) = r**2 + 1860*r - 181631. What is g(93)?
-2
Let z(k) = 45851*k + 19349099. Determine z(-422).
-23
Let w(q) = 188299*q + 564749. What is w(-3)?
-148
Let g(k) = 620*k**2 + 6189*k - 102. Calculate g(-10).
8
Let u(s) = s**3 - 151*s**2 + 883*s - 1889. Calculate u(145).
-4
Let z(i) = i**3 + 562*i**2 + 6057*i - 2203. Determine z(-551).
1
Let x(y) = 8228*y - 4920313. Calculate x(598).
31
Let p(a) = 3*a**2 + 66*a - 1667. Calculate p(-37).
-2
Let o(l) = 17*l**2 + 2919*l + 2054. What is o(-171)?
2
Let s(p) = 1852*p + 12332. Determine s(-7).
-632
Let h(z) = z**3 + 5*z**2 - 121*z - 7. What is h(-12)?
437
Let d(b) = -6591*b + 13109. What is d(2)?
-73
Let t(f) = f**3 - 111*f**2 + 1447*f - 668. Determine t(96).
4
Let c(r) = -6*r**3 + 718*r**2 - 483*r + 838. Calculate c(119).
5
Let p(s) = 24047*s + 144457. What is p(-6)?
175
Let c(d) = 5*d**2 - 232*d - 97. What is c(38)?
-1693
Let f(n) = -28727*n + 344623. What is f(12)?
-101
Let g(r) = -401*r + 3442. Give g(7).
635
Let h(f) = 546740*f + 2186937. Give h(-4).
-23
Let s(t) = -t**2 + 5281*t + 42313. What is s(-8)?
1
Let m(n) = 5*n**2 - 17918*n - 17922. Determine m(-1).
1
Let g(i) = -12*i**3 - 6*i**2 + 39*i - 45. Calculate g(2).
-87
Let x(a) = 271*a**2 + 4*a - 89. Give x(0).
-89
Let d(l) = -47*l**2 - 84842*l + 84891. Calculate d(1).
2
Let t(f) = -27*f**2 - 716*f - 4288. Give t(-6).
-964
Let h(m) = -m**3 + 29*m**2 - 35*m + 131. Give h(28).
-65
Let d(v) = -2*v**2 + 1530*v + 3007270. What is d(-902)?
2
Let f(c) = 1161*c**2 - 10416*c - 284. What is f(9)?
13
Let d(g) = 774*g + 28568. Determine d(-37).
-70
Let v(h) = -h**2 + 683*h + 3161371. Determine v(-1469).
83
Let b(p) = p**2 + 31*p - 2668. Give b(39).
62
Let b(q) = q**2 + 204*q - 5758. Determine b(25).
-33
Let a(g) = 255200*g - 2296804. What is a(9)?
-4
Let u(x) = -4*x**3 - 66*x**2 - 264*x - 197. Calculate u(-1).
5
Let c(k) = k**3 - 83*k**2 - 68*k + 12213. Give c(82).
-87
Let u(c) = 35*c**2 - 2764*c + 11009. Give u(4).
513
Let r(u) = -3615*u - 29229. Calculate r(-8).
-309
Let c(z) = 73532*z + 514642. Give c(-7).
-82
Let x(z) = -z**3 - 187*z**2 + 4374*z - 125. What is x(21)?
1
Let h(k) = 3*k**3 + 11*k**2 + 6*k + 21. What is h(-5)?
-109
Let t(v) = v**3 - 48*v**2 + 288*v - 96. Calculate t(42).
1416
Let k(y) = 3*y**2 - 8571*y - 60136. What is k(-7)?
8
Let n(w) = 938*w - 4128. Calculate n(4).
-376
Let v(g) = -g**3 + 32*g**2 + 4202*g - 1311. What is v(-51)?
270
Let q(r) = -8*r**2 - 141*r + 2004. Give q(-27).
-21
Let m(l) = 714*l - 158432. What is m(221)?
-638
Let h(m) = 55*m**3 + 113*m**2 + 792*m + 1576. What is h(-2)?
4
Let o(q) = -664*q + 30742. Give o(46).
198
Let v(o) = -1570*o + 13554. Give v(9).
-576
Let i(d) = d**2 - 103*d + 2031. Give i(76).
-21
Let p(s) = -2*s**3 + 2*s**2 - 180594*s + 1264746. Give p(7).
0
Let d(c) = 3711*c - 29317. What is d(8)?
371
Let l(q) = 141*q + 7447. What is l(-40)?
1807
Let s(k) = 3*k**3 - 17*k**2 - 1190*k + 9874. What is s(9)?
-26
Let w(n) = n**2 - 304846*n - 7316884. Determine w(-24).
-4
Let x(r) = 644*r + 20576. Give x(-32).
-32
Let i(a) = a**3 - 10*a**2 - 143*a + 1194. Calculate i(14).
-24
Let b(q) = q**3 - 77*q**2 - 441*q - 55807. Give b(89).
-4
Let g(q) = 6*q**2 + 10723*q - 43004. Give g(4).
-16
Let g(p) = -291*p - 5. Determine g(5).
-1460
Let x(m) = -5*m**2 - 285*m + 508. Determine x(-58).
218
Let n(y) = -8*y**2 - 1801*y - 4254. Give n(-222).
1296
Let v(m) = -187757*m - 2253068. Calculate v(-12).
16
Let b(r) = -10073*r + 6728776. Determine b(668).
12
Let i(o) = 13*o**2 - 799*o + 376. Determine i(59).
-1512
Let f(l) = -3*l**3 + 194*l**2 - 400*l + 20. Give f(2).
-28
Let v(a) = -9292*a + 2573891. Determine v(277).
7
Let w(z) = z**2 + 53*z + 171. What is w(-34)?
-475
Let l(f) = 5*f**3 - 97*f**2 + 148*f + 138